1
Suppose 174 = -c - 5*c. Let t = 38 + c. What is the greatest common divisor of 9 and t?
9
Let p be 2/(-4) - (-3)/(0 + 6). Suppose 151 = c + 4*f + 43, -2*c + 2*f + 166 = p. Calculate the highest common factor of 8 and c.
8
Let s be (-2)/1 - (-7 + 2). Suppose -3*d + s*a + 3 = 0, 4*a + 11 = 3*d + 3*a. Suppose 108*m - 166 = 25*m. What is the greatest common divisor of m and d?
1
Let k(c) = 202*c - 1598. Let d be k(8). Suppose 0 = -4*l + l + 144. Calculate the highest common factor of d and l.
6
Let i be (-984)/(-15) + 5 + 6/(-10). Calculate the greatest common factor of 42 and i.
14
Let t(n) = 4*n**2 + n + 4. Let i be t(-8). Suppose -i = 2*s - 6*s. Calculate the highest common factor of 7 and s.
7
Let s be 0 - -8 - (-12)/(-6). Suppose 3*c = 2*p + 17, s*p - 2*p + 22 = 2*c. Suppose -c*z + 4*z - 63 = 0. Calculate the greatest common factor of 42 and z.
21
Let n = 597 - 387. What is the greatest common factor of n and 120?
30
Let a(j) = 4*j**2 - j. Let l be a(3). Let x be -6*(28/12)/(12/(-198)). What is the greatest common divisor of x and l?
33
Let q be (-21)/9*(-15)/35*1403. Calculate the greatest common divisor of 61 and q.
61
Let g be 3 - (-69)/9 - 52/(-39). Calculate the highest common divisor of g and 228.
12
Suppose 2*l = i - 43, 0*i - 101 = -3*i - l. Calculate the greatest common divisor of i and 35.
35
Let y be 5 + (18 - (-1 + 4)). Let s = y + -13. Calculate the highest common divisor of 28 and s.
7
Suppose 28 + 12 = 2*g. Let m(i) = 73*i + 3. Let s be m(6). Suppose 6*o - s = 39. What is the highest common divisor of o and g?
20
Let d = 260 - 440. Let r be (d/70)/((-2)/14). Calculate the highest common factor of 12 and r.
6
Suppose 6 = 2*j - 2. Let z be j + (-2 - (-2 + 2)). Suppose 0*x = -x + z. Calculate the greatest common factor of 5 and x.
1
Let i be (-258)/(-18) + -7 - (-1)/(-3). What is the highest common factor of i and 301?
7
Let h = -101 + 135. Let y be 2 - 0 - 17/(h/(-140)). What is the greatest common divisor of 9 and y?
9
Suppose -5*c - 3*h - 3 = -63, -4*c + 3*h + 75 = 0. Let d = -239 - -344. Calculate the highest common divisor of c and d.
15
Let n(i) = i + 4. Let w be n(-2). Suppose -w*g + 3*g = -24. Let r be ((-5)/(-20))/((-2)/g). What is the greatest common factor of 27 and r?
3
Let w(n) = -n**2 - 13*n + 8. Let v be w(-13). Let t be (v/((-24)/(-45)))/1. Calculate the greatest common divisor of t and 165.
15
Let w(r) = r**3 - 8*r**2 + 5*r + 16. Let c be w(7). Suppose -7 = 5*q + c*q. Let u be (25 + q)*30/12. Calculate the highest common divisor of u and 20.
20
Suppose -3*h = 8 - 14. Suppose -362 = -2*l - 2*g, 0 = -l - 2*g - h*g + 175. What is the highest common factor of l and 61?
61
Suppose -5*v - 76 = -2*b, -3*b + 3*v + 192 = 60. Calculate the highest common divisor of 228 and b.
12
Suppose -u + 32*m = 31*m - 170, 866 = 5*u - m. What is the greatest common factor of 6 and u?
6
Let i(p) be the third derivative of p**4/8 + 7*p**3/6 - 45*p**2. Let c be i(1). What is the highest common divisor of c and 50?
10
Suppose 0*r = r - z - 192, -2*z + 995 = 5*r. Let b = r - 92. Calculate the highest common divisor of b and 42.
21
Suppose 6*c - 128 = 592. What is the greatest common factor of c and 90?
30
Let g be (1 - 3)/((-30)/255) + -3. Let z be 628/9 - (-6)/27. Calculate the highest common factor of z and g.
14
Let o be (-146)/(-4) + 3/2 - 3. Let z = -27 + o. Calculate the greatest common factor of 8 and z.
8
Suppose -y = -5 - 29. Let j = 562 + -426. Calculate the highest common factor of j and y.
34
Let m(c) = -c**3 - 20*c**2 + 22*c + 24. Let a be m(-21). Suppose -7*i + 40 = -a*i. Let n be (8/10)/((-3)/(-15)). What is the greatest common divisor of i and n?
2
Suppose -m - 91 = 11*c - 12*c, -3*c + 298 = 2*m. Calculate the highest common factor of 984 and c.
24
Let h = 16 + -10. Suppose 0 = 10*u - 8*u + 6, -5*o = 5*u - 30. What is the greatest common factor of o and h?
3
Let f be (-17 + 23)*(-28)/(-6). What is the greatest common divisor of 63 and f?
7
Suppose 4*q + 18 = 3*b, 0*q - q - 3 = 0. Suppose -b*u = -6*u + 40. What is the highest common divisor of 2 and u?
2
Let w be -4 + -3 + 6 + 13. What is the highest common factor of w and 90?
6
Let p(z) = 22 + 8*z - 10 + 0*z**2 + 3*z**2. Let u be p(-8). Let y(l) = l**3 + 7*l**2 + 6*l + 4. Let d be y(-4). Calculate the highest common factor of u and d.
28
Let b = -3 - -15. Suppose 0 = -14*z + 390 + 450. What is the greatest common factor of b and z?
12
Let r = 4 + 0. Suppose r*f = f + 36. Suppose -f*b + 48 = -9*b. Calculate the greatest common divisor of b and 112.
16
Let w(k) = -k + 7. Let y be w(7). Suppose 3*b + y*b - 15 = 0. Suppose 4*p - 7 = 2*p - 3*a, -b*p = 2*a - 23. What is the greatest common factor of 1 and p?
1
Suppose 35 = 6*j - 1. What is the highest common factor of 54 and j?
6
Suppose -237 - 183 = -10*a. What is the highest common factor of 56 and a?
14
Let s be 1407/12 - (-10)/(-40). What is the greatest common factor of s and 247?
13
Let u = -69 - -181. Suppose -5*g = -3*g - u. What is the highest common divisor of g and 8?
8
Let z = -2 - -16. Suppose -185 + 15 = 2*n. Let g = 27 - n. What is the greatest common factor of g and z?
14
Suppose -r = 5*d + 667, d = -3*d + 2*r - 528. Let f be (5 - (-114)/12)/((-1)/16). Let n = d - f. Calculate the highest common factor of n and 9.
9
Let a = 147 + -51. Calculate the highest common factor of a and 36.
12
Let u(b) = 5*b - 1. Let o be u(3). Let x be (-184)/(-12) + 24/(-18). Calculate the highest common divisor of o and x.
14
Let b(r) = -29*r + 80. Let p(j) = -10*j + 27. Let d(y) = 2*b(y) - 7*p(y). Let z be d(4). What is the greatest common divisor of z and 76?
19
Suppose 5*f - 7 = -4*t + 9, 3*t = f - 7. Let x be (2*-2)/(-1) + 6/3. Suppose -f*p - x = -26. What is the greatest common factor of 35 and p?
5
Let t(k) = -4*k - 1. Let m(y) = 4*y + 1. Let n(c) = 3*m(c) + 4*t(c). Let q be n(-1). Suppose -q*z + 10 + 2 = 0. What is the highest common divisor of z and 4?
4
Suppose 0 + 6 = 2*i. Suppose 4*k - 624 = -2*h - h, -615 = -i*h - k. Suppose 17*z - h = 14*z. What is the highest common divisor of 17 and z?
17
Let s = -300 - -165. Let u = s - -189. Let x = 46 - 10. Calculate the highest common factor of u and x.
18
Suppose -512 = -5*j + 5*t - 92, 4*j + 3*t - 343 = 0. Calculate the highest common divisor of j and 680.
85
Let p(b) = -b**3 + 13*b**2 + 5*b - 38. Let r be p(13). What is the highest common divisor of 459 and r?
27
Suppose a - f = 4*f + 94, -2*f + 605 = 5*a. What is the highest common divisor of a and 68?
17
Suppose 0 = 4*v + 3*w - 87, 3*w + 17 = -v + 41. Calculate the highest common divisor of v and 3.
3
Let z be (4/10)/(90/5175). Calculate the highest common factor of z and 299.
23
Let m be 17 + 10/(-5) + -3. Suppose -28 = -16*r + m*r. What is the highest common divisor of 56 and r?
7
Let s be (-112)/(-20) + 4/10. Let x = -17 + 35. Suppose f = 4*f - x. What is the highest common factor of s and f?
6
Let k(a) = 4*a**2 + 13*a - 1. Let b be k(-7). What is the highest common factor of b and 4?
4
Let y = 212 - 104. Suppose 0 = 3*n + 2*c - y, -n - c + 8 = -29. Calculate the highest common factor of n and 102.
34
Let p be 0/((-4)/4 + 0). Suppose 4*z + g = 19, -5*z + 2*g - 3*g + 23 = p. Let r = -2 - -3. Calculate the highest common divisor of z and r.
1
Let k(w) = -w**3 - 9*w**2 + w - 15. Let v be k(-10). What is the greatest common factor of 100 and v?
25
Let v be (-34)/17*((-33)/2 + 1). What is the greatest common factor of 899 and v?
31
Let s be 3/1 + 0 - -16. Suppose -x + 5*x = 4*g + 20, -3*g = -x + s. Let p = g + 12. What is the highest common factor of p and 5?
5
Suppose -6*a + 63 = -45. Suppose -3*i = 2*i - 2690. Suppose 272 = 5*m - i. What is the greatest common factor of a and m?
18
Let p(k) = -20*k - 1. Let a be p(-2). Let o = 31 + -5. Calculate the greatest common factor of o and a.
13
Suppose 120 + 384 = 3*p. Let s(d) be the second derivative of 4*d**3/3 - 4*d**2 - 60*d. Let m be s(4). What is the highest common divisor of p and m?
24
Suppose -2*o + 15 = o, -1617 = -3*b + 3*o. Calculate the greatest common divisor of b and 64.
32
Let a(m) = m**3 + 7*m**2 - 19*m - 7. Let t be a(-8). Calculate the greatest common divisor of 1 and t.
1
Let l be (4 - (4 + 6)) + (-2 - -13). Calculate the greatest common factor of 685 and l.
5
